979581 composite?
True
Is 45635320541 prime?
True
Is 6165215651 a composite number?
True
Is 460860401 a composite number?
False
Is 52834819291 composite?
False
Is 15537188377 composite?
True
Is 2957527433 a prime number?
False
Is 288786713 a composite number?
False
Is 4822964743 a composite number?
False
Is 2770679957 a composite number?
False
Is 60863053 composite?
False
Is 2788450003 prime?
True
Is 613599713 composite?
True
Is 7105850099 a composite number?
False
Is 179976439 a composite number?
False
Is 23765060959 a composite number?
True
Is 884454947 composite?
True
Is 4527878437 composite?
False
Is 187406839 a prime number?
False
Is 534956549 prime?
True
Is 4095728101 composite?
True
Is 5072836019 prime?
True
Is 792959731 a composite number?
True
Is 63741781489 a composite number?
False
Is 2831389229 a composite number?
False
Is 7772017717 composite?
True
Is 24586297 prime?
False
Is 160821457 prime?
False
Is 224193414667 prime?
True
Is 49314942938 composite?
True
Is 47304497815 a prime number?
False
Is 128972759 a prime number?
False
Is 1009210661 prime?
False
Is 27616774013 a prime number?
False
Is 2458614803 composite?
True
Is 346683919 prime?
True
Is 11099430029 a composite number?
True
Is 1340718043 composite?
True
Is 958629311 a composite number?
True
Is 2820794901 a composite number?
True
Is 39351523489 prime?
False
Is 37537487261 a prime number?
True
Is 31140312487 prime?
False
Is 8455851623 prime?
True
Is 168133283 prime?
False
Is 1049504035 composite?
True
Is 27784185461 a prime number?
True
Is 423711349 a prime number?
False
Is 1381805633 a composite number?
True
Is 7200534721 a prime number?
False
Is 8102026321 a composite number?
False
Is 1983853379 a composite number?
False
Is 2857152901 composite?
False
Is 76572329279 prime?
True
Is 59721897259 a composite number?
True
Is 5813604649 composite?
False
Is 10679910567 composite?
True
Is 3332658103 a composite number?
True
Is 114790962941 prime?
False
Is 55068944617 a prime number?
False
Is 2990673071 a prime number?
True
Is 11416685099 a prime number?
False
Is 1149151051 composite?
True
Is 1355598037 composite?
True
Is 1001723815 a prime number?
False
Is 24166019669 a composite number?
True
Is 85213781189 prime?
True
Is 147204311 prime?
False
Is 9155252627 prime?
False
Is 3900544478 prime?
False
Is 26107621 composite?
True
Is 932757439 composite?
False
Is 683108681 a prime number?
True
Is 147671071 composite?
False
Is 10736937733 composite?
True
Is 1929391757 prime?
False
Is 229348596077 a prime number?
False
Is 8279874389 a prime number?
True
Is 208248924935 prime?
False
Is 158950787 prime?
False
Is 2558646379 composite?
False
Is 351881 prime?
False
Is 4149992513 composite?
False
Is 1853924389 a prime number?
False
Is 968504897 prime?
False
Is 5138562974 composite?
True
Is 211541621 a prime number?
True
Is 5961843137 prime?
False
Is 18165980923 prime?
False
Is 3067670189 prime?
True
Is 118793538359 prime?
True
Is 769170991 composite?
True
Is 18141989009 a prime number?
True
Is 34323689201 a prime number?
True
Is 76373521693 prime?
False
Is 1327927543 a prime number?
True
Is 888205723 prime?
True
Is 790192561 a composite number?
False
Is 2354235503 prime?
False
Is 7444183457 composite?
False
Is 35729485241 a prime number?
True
Is 8519771603 prime?
False
Is 5239987243 a composite number?
True
Is 661918993 prime?
False
Is 18314446495 a prime number?
False
Is 39010187053 a prime number?
False
Is 4407013355 prime?
False
Is 30322822013 prime?
False
Is 3221109499 a prime number?
True
Is 3327968549 a prime number?
False
Is 5754080307 prime?
False
Is 9609227701 a prime number?
True
Is 2181099281 composite?
True
Is 31145703205 a composite number?
True
Is 684631 a prime number?
False
Is 12260227341 composite?
True
Is 163420447759 composite?
False
Is 178998403 prime?
True
Is 3311228093 composite?
True
Is 1259861739 a composite number?
True
Is 26711023 composite?
False
Is 2118995621 prime?
True
Is 488179519 a prime number?
True
Is 168124924559 a composite number?
False
Is 228759963 prime?
False
Is 5154076537 a composite number?
False
Is 539231557 a composite number?
False
Is 942186901 prime?
True
Is 142557629533 a prime number?
False
Is 2114875877 composite?
True
Is 600243983 composite?
False
Is 351991751 a prime number?
False
Is 39543873983 composite?
False
Is 44326741883 prime?
False
Is 40696879039 a prime number?
True
Is 4193337203 composite?
True
Is 112482910159 a prime number?
False
Is 9061467937 composite?
False
Is 4056336601 composite?
False
Is 6119585239 composite?
False
Is 2385491107 composite?
True
Is 896475487 a prime number?
False
Is 1933362737 a composite number?
False
Is 2070938887 composite?
True
Is 139696519 a composite number?
False
Is 1540982087 prime?
True
Is 34477752757 prime?
False
Is 22704985829 a composite number?
False
Is 97912501 prime?
False
Is 4629801769 a prime number?
False
Is 73010633 prime?
True
Is 555360329 a prime number?
False
Is 26982886661 a composite number?
False
Is 1244041177 prime?
True
Is 1577879057 a composite number?
True
Is 458842235583 prime?
False
Is 12655146289 a prime number?
False
Is 1111212203 a prime number?
True
Is 4338027689 a composite number?
False
Is 8382459857 a prime number?
True
Is 1628243011 a composite number?
False
Is 17941751027 prime?
False
Is 25185228451 a composite number?
False
Is 612105997 a composite number?
False
Is 369507703 a composite number?
True
Is 1373510723 composite?
True
Is 60298795003 prime?
False
Is 1526101219 prime?
True
Is 36765375001 prime?
False
Is 1165722491 a composite number?
False
Is 1923161582 prime?
False
Is 252954703741 a composite number?
False
Is 220840463 a composite number?
False
Is 3958206457 a prime number?
True
Is 2884383053 a composite number?
True
Is 4439712157 a prime number?
False
Is 3891880403 prime?
True
Is 14353703033 a prime number?
False
Is 55948729301 prime?
True
Is 10792547047 prime?
False
Is 3544992767 a prime number?
True
Is 17034364553 prime?
True
Is 14158715306 composite?
True
Is 22430763583 a prime number?
False
Is 51060701077 prime?
True
Is 992178457 a prime number?
True
Is 277271321 a prime number?
True
Is 8940307835 composite?
True
Is 41413429 a prime number?
False
Is 8630008033 composite?
True
Is 668012971 prime?
True
Is 60904551 composite?
True
Is 437849959 prime?
False
Is 22359371603 prime?
True
Is 438686695 prime?
False
Is 5472911959 prime?
True
Is 2785766983 a prime number?
True
Is 18170512447 a composite number?
True
Is 1416813287 prime?
False
Is 338925637 composite?
False
Is 12483954583 a composite number?
True
Is 84352447189 composite?
False
Is 254670223 prime?
False
Is 1395463747 a prime number?
True
Is 89329813 composite?
False
Is 1524582469 a prime number?
True
Is 8443372139 composite?
True
Is 168238067 prime?
True
Is 131304940297 composite?
False
Is 11656248691 a composite number?
False
Is 54026809897 prime?
False
Is 4739418403 a composite number?
False
Is 1654447849 a composite number?
False
Is 3300907067 a composite number?
False
Is 1131986969 a prime number?
True
Is 8796714593 a prime number?
True
Is 15498961061 a composite number?
True
Is 16997554543 a composite number?
False
Is 3950545013 prime?
False
Is 9300755858 prime?
False
Is 15031718033 a prime number?
True
Is 54167977 a composite number?
True
Is 4540418099 composite?
True
Is 158230321567 composite?
False
Is 16641428357 composite?
False
Is 4334774729 a composite number?
True
Is 79468043 prime?
True
Is 493967119 composite?
False
Is 706917257 prime?
True
Is 35385424961 composite?
False
Is 47085927799 a composite number?
True
Is 7193619197 a composite number?
False
Is 46142303 a prime number?
False
Is 105626273527 composite?
False
Is 210670289 composite?
False
Is 3530152273 a prime number?
False
Is 28338162929 a prime number?
True
Is 773304439 prime?
False
Is 68746763 a prime number?
True
Is 516699863 a prime number?
False
Is 2655548153 a prime number?
True
Is 12431787059 composite?
True
Is 4053180779 a composite number?
False
Is 134001142549 composite?
False
Is 304917245 composite?
True
Is 1281701827 a prime number?
False
Is 7195290551 composite?
False
Is 6833485861 prime?
False
Is 2456306521 a prime number?
True
Is 7419236123 a composite number?
True
Is 20892691 prime?
False
Is 138040079 a prime n